et r = v - -12504. Is r composite?
False
Suppose -11*d - 60 + 16 = 0. Is (-23911 + d)/(-3 - (-1 - 1)) a composite number?
True
Suppose -u + 2*u = -2*u + 12318. Is u a composite number?
True
Is (-181389303)/(-867) + (-4)/(-34) a prime number?
False
Let k(s) = 393*s**3 - 2*s**2 + 32*s - 85. Is k(6) composite?
True
Let m(h) = 88*h. Suppose -21 = -5*b - 4*f, -5*f - 2 = b - 23. Let d be m(b). Let o = 199 - d. Is o composite?
True
Let p(a) = -46*a + 281. Let h be p(6). Suppose -n - 99888 = -h*d, -4*d + 5*n = -d - 59946. Is d a composite number?
True
Suppose 2*c + 2325 + 1577 = 0. Let w = c - 261. Let x = 715 - w. Is x composite?
False
Is 13793242/(-869)*(-11)/2 a prime number?
True
Suppose 4*d = -2*h + 24, -d + 12 = 2*d. Suppose -4*v = q - v + h, -3*q = 2*v + 19. Let i(k) = -5*k - 4. Is i(q) prime?
True
Let c = 63 + -60. Suppose 5*i + c*r = 3515, -927 = -2*i - 2*r + 475. Is i a composite number?
True
Is (-371 + (-1 - 9))*3646/(-6) prime?
False
Let k = -167 - -165. Is -2*k*21342/24 a prime number?
True
Let m = -416 + 1144. Suppose -d - m = -5*o - 0*d, -576 = -4*o + 4*d. Let a = o + 573. Is a prime?
True
Is (-2124)/944*((-236932)/3 - 0) a composite number?
True
Suppose 2*z = -h + 509969, -3*z + 764951 = 703*h - 701*h. Is z a composite number?
False
Let x = 105 + -101. Suppose -4*q + 2872 = -q + x*j, 0 = -4*q - 4*j + 3824. Suppose 0 = 5*z - q - 103. Is z composite?
False
Suppose 3*y + 4*x - 482203 = 0, y - 5*x = 4*y - 482207. Is y a composite number?
True
Let b(y) = 72*y**3 + 2*y - 9. Let o be b(2). Let p = -834 + 594. Let v = o + p. Is v a composite number?
False
Let f(b) = 1701*b + 418. Is f(13) a prime number?
True
Let n be 22/8 - (-1)/4. Let b = -940 + 943. Is 2 - (n - 1 - b) a composite number?
False
Suppose 16*s = 21*s + 15, 4*s - 26211 = -3*z. Is z a prime number?
True
Suppose -x + 115078 = 2*z, -37227 - 20312 = -z + 5*x. Let w = -39058 + z. Is w a prime number?
True
Let i be -1*(-6 - (-5 + 723)). Is 3 + (0 + i)/(5/20) a prime number?
False
Let f = 31 + -11. Let j(g) = g**3 - 19*g**2 + 11*g + 21. Let c(a) = 3*a**3 - 56*a**2 + 33*a + 64. Let i(d) = 2*c(d) - 7*j(d). Is i(f) prime?
False
Let f = 13 - 29. Let d = f - -22. Is (-1486)/(-4) - 3/d prime?
False
Suppose -4*c = -c + 3, -5*m + 56143 = 2*c. Suppose 5*t + 5*f - 29354 = -m, -2*t + 7275 = -3*f. Let d = -593 + t. Is d a prime number?
True
Suppose 0 = -4*m - 4*n + 382552, -m + 2298*n = 2296*n - 95641. Is m a composite number?
True
Is (8 - (-2926010)/(-40))/(1 + 35/(-20)) composite?
False
Suppose 5*c + 0*h = -3*h + 3236, 2608 = 4*c - 4*h. Let g = c + 398. Let a = 1724 - g. Is a a prime number?
True
Suppose -k - 3*w + 10763 = k, 3*w - 16146 = -3*k. Suppose 4*s = 8, 3*x - 4*s + 1824 = k. Is x a composite number?
True
Suppose -4*x + 2902 = -8466. Let h = -1980 - -123. Let v = x + h. Is v prime?
False
Let h(u) = 43*u**2 - 15*u - 53. Is h(7) composite?
False
Suppose 0*h - 2*h + 5*d - 25 = 0, 2*h + 3*d = -33. Let s be (6/4)/(h/(-28030)). Suppose 3*o - 3734 = s. Is o prime?
True
Suppose 1608 = -3*p + 3*j, 38*p - 548 = 39*p - 5*j. Let z = 5394 + p. Is z a prime number?
True
Suppose -n = -4*q + 12 - 2, -3*n - 30 = q. Is 4/n + (-5 - (-693288)/45) prime?
True
Suppose -39*s + 44*s = -32*s + 6052349. Is s prime?
False
Suppose -h + 19922 = -10812. Suppose -3*g + h = -14305. Is g prime?
True
Suppose 0 = -9*y + 7*y - 34. Let h(t) = -t**2 - 23*t + 3. Let b be h(y). Suppose 6*r = r + b. Is r composite?
True
Suppose -227 = -5*a - 277. Let z(i) = 12*i**2 - 7*i + 7. Is z(a) a composite number?
False
Is 2575351/33 - (-146)/2409 composite?
False
Let r be 4/10*(-7905)/(-102). Suppose 0 = 5*t + 2*o - 6357, 3*t - 26*o = -r*o + 3799. Is t a prime number?
False
Suppose -3*i + 405073 = 5*l, i + 4*i + 3*l - 675111 = 0. Is i composite?
True
Let y = -49465 + 117075. Suppose y = 21*i - 11*i. Is i a prime number?
True
Let p = 12 - 10. Let v(k) = 101*k - 5 - 7*k + 20*k. Is v(p) prime?
True
Suppose -8813127 - 10132267 = -38*y. Is y prime?
False
Suppose 200794 + 684138 = 8*r + 32204. Is r a composite number?
False
Let n = -24135 + 39963. Suppose -2*o - 2*p + n = 5732, -p = -2*o + 10087. Is o a prime number?
False
Let z = -32 - -65. Is 17167 - 0/(-2) - (z + -33) a composite number?
False
Let z be 0 - (22/(-55) - 16/10). Suppose -z*y - 5*y + 497 = 0. Let r = 95 + y. Is r a prime number?
False
Suppose -5*z + 2*y - 4*y - 21 = 0, 4*z + 15 = -y. Let m be (5 + z - -3) + 20. Is 319 - (-2)/((-10)/m) a composite number?
True
Is (-60526398)/(-39) - (28/(-182))/2 a prime number?
True
Let o = 213 + -210. Is 5 - (o - 1623 - -2) composite?
True
Let y = -243 - -124. Let q = y + 119. Suppose q = 5*n + 2*x - 1732, -2*n + 4*x = -3*n + 350. Is n prime?
False
Suppose -17124*n = -17099*n - 1447025. Is n composite?
False
Suppose -14*v - 2632058 = -36*v. Is v prime?
False
Suppose -14*i + 9*i = 5*u - 50, 0 = 5*i - 20. Is 4 + -6 + u - -5247 composite?
True
Let k(c) = -22*c**2 + c - 5 + 2 + 16*c**2 - 6*c**3. Let f be k(-5). Let x = f + -305. Is x prime?
False
Suppose 4*b + 2*i = -2*i + 1515208, 5*i - 378814 = -b. Is b composite?
True
Let c be 2/(2/(3 + -1)). Let o = c - -6. Let b(q) = 14*q**2 + 20*q - 7. Is b(o) composite?
False
Let t(g) = g**3 + 2*g**2 - 15*g - 9. Let m be t(-5). Let l = m + 11. Suppose 1951 = l*k + 3*u, 4*u - 4874 = -9*k + 4*k. Is k composite?
True
Is 11/((-1084385)/(-542189) + -2) + 142/(-497) prime?
True
Suppose -4*s - 4*t + 172 = 0, -2*s + 89 = s - 5*t. Let q = 48 - s. Suppose -149 = -q*n + 9*n. Is n a prime number?
True
Suppose 5*a + 2*l = -2, 1 - 6 = -4*a + 5*l. Let r(i) be the second derivative of -i**4/12 + 2287*i**2/2 - 3*i. Is r(a) a composite number?
False
Suppose -8*y - 16*y = -584963 - 103525. Is y prime?
True
Suppose -3*y - 63003 = -3*b, -17*y - 62995 = -3*b - 22*y. Suppose z - d - 4186 = 2*d, -b = -5*z + d. Is z a composite number?
False
Is (7 + -102836)/((-3)/(-2) - (1 + 1)) a composite number?
True
Suppose 0 = 3*c + d - 16668, 0 = -c + 101*d - 104*d + 5548. Is c a prime number?
True
Let g(l) = 6221*l - 855. Is g(34) a composite number?
False
Suppose 5*a + 3*c = 26356, -3*a - 4*c + 2078 + 13751 = 0. Is a a composite number?
True
Suppose -2*y - 18680 = -2*q, -3*y - 47902 + 1212 = -5*q. Let n = -2652 + q. Is n a composite number?
True
Let c be -2 - ((-74249)/7 - 7). Let u = 16349 - c. Is u a composite number?
False
Suppose -5*z + 445280 = 6*d - d, 2*z = d - 89053. Suppose 10*y - d = y. Is y prime?
False
Let g(b) = -b**3 + b**2 - 1. Let t(o) = 6*o**2 + 23*o**2 - 23 - 2*o**2 - 3*o**3 + 4*o + 2*o**3. Let a(x) = -2*g(x) + t(x). Is a(-22) a prime number?
False
Let c = -11666 + 27604. Let z = c + -7233. Is z prime?
False
Let l be 0 - -4*((-26)/(-8) + -3). Suppose -5*z - 30 = 5*c, 2*z = -3*c - 14 - l. Is z/(-12) - 643/(-4) a prime number?
False
Let k(d) = 128*d**2 - 18*d - 373. Is k(-20) a composite number?
True
Suppose -3*i - 74 = -98. Is 659/i + (-12)/(-192)*-6 a composite number?
True
Suppose 0*u = u - 2*o + 8875, 5*o = -5*u - 44315. Let c = 13164 + u. Is c a composite number?
False
Suppose -12 + 7 = -d. Suppose 7*t - m = d*t + 2925, 2*m = t - 1455. Is t a composite number?
True
Let z(p) = 3*p + 90. Let y be z(-33). Let n(g) = 5*g**2 - g - 77. Is n(y) composite?
False
Is (16 + -570)*119/(-34) a prime number?
False
Let f(m) = 76*m**2 - 2*m + 9. Suppose -6*i - 90 = 3*i. Let l = 14 + i. Is f(l) composite?
False
Suppose -3 = -l + 2. Suppose 4*a - 118 = -94. Suppose -101 = -l*w - a. Is w composite?
False
Let p(w) = 3225*w - 104. Let d(m) = -1076*m + 35. Let o(z) = -17*d(z) - 6*p(z). Is o(-3) a composite number?
False
Let k(n) = 9*n - 181 - 45*n + 22*n. Is k(-28) a composite number?
False
Let s be 1/(-8) - 2200/320. Is s*(-6)/(-9)*(-41433)/14 a composite number?
True
Let s be (-45)/15 + 2*1. Let j(t) = 985*t**3 - t**2 + 1. Let x be j(s). Let h = -404 - x. Is h composite?
True
Let t = 65825 + -29475. Suppose 0 = -63*u + 53*u + t. Is u composite?
True
Let j(q) = q**3 - 87*q**2 + 62*q - 205. Is j(120) a composite number?
True
Suppose -4*n = -5*q - 211720 - 96396, -q = 4. Let g = n + -52869. Is g a prime number?
False
Suppose 5*i + 0*i = 5, -3*t - 2*i = 421. Suppose 5*h - 1815 = -5*w, -564*h - 3*w = -565*h + 367. Let r = t + h. Is r composite?
False
Let l(v) = 75*v**2 - 11*v + 2. Let x(h) = -38*h**2 + 6*h - 1. Let a(q) = -3*l(q) - 7*x(q)